{"id":57,"date":"2022-01-06T15:41:04","date_gmt":"2022-01-06T14:41:04","guid":{"rendered":"https:\/\/morkarla-bigardar.se\/?page_id=57"},"modified":"2022-12-26T12:47:14","modified_gmt":"2022-12-26T11:47:14","slug":"vara-bin","status":"publish","type":"page","link":"https:\/\/morkarla-bigardar.se\/?page_id=57","title":{"rendered":"V\u00e5ra bin"},"content":{"rendered":"<div style=\"text-align:center\"><img loading=\"lazy\" decoding=\"async\" width=\"600\" height=\"600\" src=\"https:\/\/i0.wp.com\/morkarla-bigardar.se\/wp-content\/uploads\/2022\/01\/Carnica-Carniolan-Queens-Naturally-Mated-600x600-1.jpg?fit=600%2C600&amp;ssl=1\" class=\"attachment-post-thumbnail size-post-thumbnail wp-post-image\" alt=\"V\u00e5ra bin\" title=\"V\u00e5ra bin\" srcset=\"https:\/\/i0.wp.com\/morkarla-bigardar.se\/wp-content\/uploads\/2022\/01\/Carnica-Carniolan-Queens-Naturally-Mated-600x600-1.jpg?w=600&amp;ssl=1 600w, https:\/\/i0.wp.com\/morkarla-bigardar.se\/wp-content\/uploads\/2022\/01\/Carnica-Carniolan-Queens-Naturally-Mated-600x600-1.jpg?resize=300%2C300&amp;ssl=1 300w, https:\/\/i0.wp.com\/morkarla-bigardar.se\/wp-content\/uploads\/2022\/01\/Carnica-Carniolan-Queens-Naturally-Mated-600x600-1.jpg?resize=150%2C150&amp;ssl=1 150w\" sizes=\"(max-width: 600px) 100vw, 600px\" \/><\/div>\n<div class=\"wp-block-columns is-layout-flex wp-container-core-columns-layout-1 wp-block-columns-is-layout-flex\">\n<div class=\"wp-block-column is-layout-flow wp-block-column-is-layout-flow\">\n<figure class=\"wp-block-image size-full\"><\/figure>\n<\/div>\n\n\n\n<div class=\"wp-block-column is-layout-flow wp-block-column-is-layout-flow\">\n<p>Vi har bin av rasen Carnica (Apis mellifera carnica), \u00e4ven kallad krainerbi. <\/p>\n\n\n\n<h3 class=\"wp-block-heading\">Carnicabin&#8230; Lugna, produktiva och livskraftiga<\/h3>\n\n\n\n<p>Carnicabiet kommer fr\u00e5n \u00d6stalperna och Balkanomr\u00e5det. Detta omr\u00e5de har stor variation i vegetation och flora. Det finns allt fr\u00e5n milda omr\u00e5den till bergs- och alpzoner. Dessa kontrasterande klimatzoner har format Carnicabiets f\u00f6rm\u00e5ga att, p\u00e5 mycket kort tid, anspassa sig till alla f\u00f6rekommande milj\u00f6er p\u00e5 v\u00e5r jord.<\/p>\n<\/div>\n<\/div>\n\n\n\n<p>De delvis mycket karga och h\u00e5rda milj\u00f6betingelserna st\u00e4ller stora krav p\u00e5 Carnicabiets motst\u00e5ndskraft mot sjukdomar samt fr\u00e4mjar sparsamhet och d\u00e4rtill en enorm, explosionsartad utvecklings- och fortplantningsf\u00f6rm\u00e5ga: egenskaper som \u00e4r n\u00f6dv\u00e4ndiga f\u00f6r att samh\u00e4llena ska kunna utnyttja kortvariga dragk\u00e4llor f\u00f6r sin \u00f6verlevnad.<\/p>\n\n\n\n<p>Vid 1900-talets b\u00f6rjan exporterades en hel del Carnicabin eller Krainer, som de ocks\u00e5 kallas, till bland annat Sverige. Det var driftiga bihandlare i Krajna och K\u00e4rnten som skickade Carnicasamh\u00e4llen i beh\u00e4ndiga tr\u00e4l\u00e5dor (krainerl\u00e5dor) \u00f6ver hela v\u00e4rlden. J\u00e4rnv\u00e4gsn\u00e4tets uppkomst och utbredning bidrog till att detta blev m\u00f6jligt.<\/p>\n\n\n\n<p>Carnicabina blev snabbt popul\u00e4ra i d\u00e5tidens sv\u00e4rmbiodling. De var lika vitala och \u00f6vervintringsdugliga som de nordtyska hedbina och dessutom var de fromma och l\u00e4tthanterliga. B\u00e5da raserna var sv\u00e4rmvilliga, en egenskap som prisades h\u00f6gt p\u00e5 den tiden. I gamla annonser kan man l\u00e4sa att minst tre sv\u00e4rmar garanterades redan f\u00f6rsta \u00e5ret.<\/p>\n\n\n\n<p>I takt med den moderna ramkupans utbredning \u00e4ndrades dock snabbt \u00f6nskem\u00e5len om binas egenskaper. Nu var det inte l\u00e4ngre sv\u00e4rmlusten som var intressant, utan man efterfr\u00e5gade tv\u00e4rtom bin som inte gick i sv\u00e4rm d\u00e4rf\u00f6r att man ville ha stora samh\u00e4llen som kunde fylla upp volymen i de nya kuporna och ge stora honungssk\u00f6rdar. De d\u00e5varande producenterna av Carnicabin var inte f\u00f6rberedda p\u00e5 dessa nya krav och Carnican kom att f\u00e5 rykte om sig att vara ett ot\u00e4mjbart sv\u00e4rmbi.<\/p>\n\n\n\n<p>\u00c5teruppt\u00e4ckten av Carnicabiet skulle dr\u00f6ja \u00e4nda fram till andra v\u00e4rldskrigets slut. Under tiden hade ett idogt avelsarbete resulterat i Carnicastammar som v\u00e4l svarade upp emot kraven som biodlarna st\u00e4ller idag.<\/p>\n\n\n\n<p>1990-talet bildades Svenska Carnicagruppen som sedan dess bedrivit avelsarbete med Carnicabin. Regelbundet importeras drottningar fr\u00e5n \u00d6sterrike och Tyskland vars d\u00f6ttrar paras p\u00e5 f\u00f6reningens parnings\u00f6 eller parningsomr\u00e5de.<\/p>\n\n\n\n<p>Varroans intr\u00e4de i Sverige har, liksom f\u00f6r alla honungsbin, haft stora konsekvenser. Bina beh\u00f6ver behandlas mot kvalstret som alla drabbade samh\u00e4lle, och det g\u00f6rs nu f\u00f6rtiden med myrsyra och oxalsyra.<\/p>\n\n\n\n<h2 class=\"wp-block-heading\">Fakta om Carnica<\/h2>\n\n\n\n<ul><li>Rasen k\u00e4nnetecknas av en medelstor och slank kropp<\/li><li>F\u00e4rgen \u00e4r m\u00f6rk och h\u00e5rbekl\u00e4dnaden t\u00e4t med karakteristiska gr\u00e5a tv\u00e4rband p\u00e5 bakkroppen<\/li><li>Arbetsbinas cubitalindex \u00e4r 2,4 &#8211; 3,0<\/li><li>Tungl\u00e4ngden \u00e4r 6,4 &#8211; 6,8 mm<\/li><li>Samh\u00e4llets v\u00e5rutveckling g\u00e5r mycket snabbt<\/li><li>Bistyrkan n\u00e4r sitt maximum ofta redan p\u00e5 f\u00f6rsommaren och g\u00e5r tillbaka relativt tidigt p\u00e5 h\u00f6gsommaren<\/li><li>Samh\u00e4llena \u00e4r relativ sm\u00e5 under \u00f6vervintringen och klarar sig i regel bra p\u00e5 ganska sm\u00e5 m\u00e4ngder foder \u00e4ven under j\u00e4mf\u00f6relsevis sv\u00e5ra klimatiska betingelser<\/li><li>Bina sitter lugnt p\u00e5 kakorna och \u00e4r godmodiga<\/li><li>De anv\u00e4nder propolis ytterst sparsamt<\/li><li>Carnicabin kan v\u00e4ll utnyttja en sparsam vegetation<\/li><\/ul>\n\n\n\n<p>Du kan l\u00e4sa mer om carnicabin p\u00e5:<\/p>\n\n\n\n<ul><li><a href=\"http:\/\/www.carnicagruppen.se\/\" target=\"_blank\" rel=\"noreferrer noopener nofollow\" class=\"external external_icon\">http:\/\/www.carnicagruppen.se\/<\/a><\/li><li><a rel=\"noreferrer noopener nofollow\" href=\"https:\/\/beekeeping.fandom.com\/wiki\/Apis_mellifera_carnica\" target=\"_blank\" class=\"external external_icon\">https:\/\/beekeeping.fandom.com\/wiki\/Apis_mellifera_carnica<\/a><\/li><li><a href=\"https:\/\/en.wikipedia.org\/wiki\/Carniolan_honey_bee\" target=\"_blank\" rel=\"noreferrer noopener nofollow\" class=\"external external_icon\">https:\/\/en.wikipedia.org\/wiki\/Carniolan_honey_bee<\/a><\/li><\/ul>\n","protected":false},"excerpt":{"rendered":"<p>Vi har bin av rasen Carnica (Apis mellifera carnica), \u00e4ven kallad krainerbi. Carnicabin&#8230; Lugna, produktiva och livskraftiga Carnicabiet kommer fr\u00e5n \u00d6stalperna och Balkanomr\u00e5det. Detta omr\u00e5de har stor variation i vegetation och flora. Det finns allt fr\u00e5n milda omr\u00e5den till bergs-&#8230; <a class=\"more-link\" href=\"https:\/\/morkarla-bigardar.se\/?page_id=57\">Forts\u00e4tt l\u00e4sa &rarr;<\/a><\/p>\n","protected":false},"author":2,"featured_media":690,"parent":0,"menu_order":0,"comment_status":"closed","ping_status":"closed","template":"","meta":{"jetpack_post_was_ever_published":false,"footnotes":"","_mc_calendar":[]},"folder":[24],"jetpack_sharing_enabled":true,"jetpack_likes_enabled":true,"_links":{"self":[{"href":"https:\/\/morkarla-bigardar.se\/index.php?rest_route=\/wp\/v2\/pages\/57"}],"collection":[{"href":"https:\/\/morkarla-bigardar.se\/index.php?rest_route=\/wp\/v2\/pages"}],"about":[{"href":"https:\/\/morkarla-bigardar.se\/index.php?rest_route=\/wp\/v2\/types\/page"}],"author":[{"embeddable":true,"href":"https:\/\/morkarla-bigardar.se\/index.php?rest_route=\/wp\/v2\/users\/2"}],"replies":[{"embeddable":true,"href":"https:\/\/morkarla-bigardar.se\/index.php?rest_route=%2Fwp%2Fv2%2Fcomments&post=57"}],"version-history":[{"count":9,"href":"https:\/\/morkarla-bigardar.se\/index.php?rest_route=\/wp\/v2\/pages\/57\/revisions"}],"predecessor-version":[{"id":1096,"href":"https:\/\/morkarla-bigardar.se\/index.php?rest_route=\/wp\/v2\/pages\/57\/revisions\/1096"}],"wp:featuredmedia":[{"embeddable":true,"href":"https:\/\/morkarla-bigardar.se\/index.php?rest_route=\/wp\/v2\/media\/690"}],"wp:attachment":[{"href":"https:\/\/morkarla-bigardar.se\/index.php?rest_route=%2Fwp%2Fv2%2Fmedia&parent=57"}],"wp:term":[{"taxonomy":"folder","embeddable":true,"href":"https:\/\/morkarla-bigardar.se\/index.php?rest_route=%2Fwp%2Fv2%2Ffolder&post=57"}],"curies":[{"name":"wp","href":"https:\/\/api.w.org\/{rel}","templated":true}]}}